s - 36. List the prime factors of s.
11
Let q(z) = -z**3 + 7*z**2 + 7*z + 27. List the prime factors of q(8).
19
Let b(q) = 7*q**3 - 3*q**2 - q - 5. Let n(o) = o**3 - o**2 - 1. Let d(u) = b(u) - 6*n(u). Let f = 4 + -7. List the prime factors of d(f).
2
Suppose -4*s + 0*y - 2*y = -1408, 712 = 2*s + 5*y. What are the prime factors of s?
3, 13
Suppose 4*v = -4*t - v + 241, 3*t - 175 = 2*v. What are the prime factors of t?
59
Suppose -4*u - 36 = -0*u. Let g = -1 - u. Suppose 4*m = -3*x + g*m + 28, m - 26 = -2*x. List the prime factors of x.
2, 3
List the prime factors of (-65)/(-26) - 2/4.
2
Suppose 4*b = 4*p - 0*p - 16, 4*b = 2*p. Let v be (-5)/(5/(-4))*1. Suppose v = 4*w - p. What are the prime factors of w?
3
Suppose 5*d - 703 = 3*h - 168, -2*h + 406 = 4*d. What are the prime factors of d?
2, 13
Let s(k) = -4*k**3 + 2*k - 3*k**2 - k + 5*k**3 - 2. What are the prime factors of s(4)?
2, 3
Suppose -2*d + 3*d = 6. Let v(p) be the third derivative of -p**6/120 + 7*p**5/60 - p**4/8 - 5*p**3/6 - 5*p**2. What are the prime factors of v(d)?
13
Suppose 0 = -2*k + 7*k - 150. Let l = 43 - k. What are the prime factors of l?
13
Let c(z) = 5*z - 1. Suppose -5*h = 3*i - h - 8, -2*i = 2*h - 6. Suppose -3 = -i*s + 1. List the prime factors of c(s).
2
Let h(c) be the first derivative of c**3/3 - c**2/2 - 2*c - 3. Let g be h(0). List the prime factors of g - 4/((-12)/27).
7
List the prime factors of 1 + 232 + (1 - -3).
3, 79
Let j = 53 + -17. List the prime factors of j.
2, 3
Suppose -4*y = 4, -5*y - 16 - 13 = -4*m. Suppose -w = 3*x - 35, -3*x + m*x - 2*w - 29 = 0. List the prime factors of x.
11
Let q(d) = 6*d + 3. Let y be q(-5). List the prime factors of 2/3 - 522/y.
2, 5
Suppose 2*k + 1 = -7, -2*k - 120 = -4*o. What are the prime factors of o?
2, 7
Let f = 5 - -3. Let h = f + -5. Suppose -3*x = 4*a - 7, x - 7 = -h*a + 2. What are the prime factors of a?
2
Suppose 25 = 4*a + 1. What are the prime factors of 10/4 + a/12?
3
Let p = 0 - 0. Suppose 3*x + 92 = 5*k, p*k + 5*x + 14 = k. Let m = k - 11. List the prime factors of m.
2
Suppose 4*d - 6*d + 8 = 0. List the prime factors of d.
2
Let r be 4/12 + (-5)/(-3). Suppose 0 = -5*g + d + 35, -7 = -r*g + 2*d - 1. What are the prime factors of g?
2
Let d be 2 - 0/(-3)*1. Suppose i - 2*i = -2*n - 10, -98 = -5*i - d*n. What are the prime factors of i?
2, 3
Let l(b) = b**2 + 3*b - 6. Let o be l(-5). Suppose -5*c = 10, m - 2*c + o*c - 18 = 0. Let f = -12 + m. List the prime factors of f.
2, 5
Let l = 1 + -4. What are the prime factors of (l/3)/(1/(-30))?
2, 3, 5
Suppose 0*v = -11*v + 759. List the prime factors of v.
3, 23
Let k = -4 + 6. Let z(l) = l**3 + 6*l**2 + 3*l - 2. Let b be z(-4). Suppose 0 = k*d - 0*d - b. List the prime factors of d.
3
Let p(a) = -a - 2. Let z be p(-3). Suppose -n = 9 - z. Let i = n + 16. List the prime factors of i.
2
Let c = -125 + 199. List the prime factors of c.
2, 37
Suppose 662 = 5*i - 3*q, 0 = -3*i + 4*i + 4*q - 114. Suppose -4*b = b - i. List the prime factors of b.
2, 13
What are the prime factors of (21 - -2 - 0) + -2?
3, 7
Let v(a) = -a + 4. Let p be v(3). Let o be -2 + (-6)/(p/(-1)). Suppose 74 = o*i + 2*m, -109 = -4*i + 7*m - 2*m. List the prime factors of i.
3, 7
Suppose -9 = 3*g - 126. What are the prime factors of g?
3, 13
Let u(m) = -m**2 - 7*m - 2. Let i be u(-6). Suppose 0 = -o - h - 0*h + 10, 4*o - 35 = -3*h. Suppose i*f + q = 33, f - o - 7 = -q. List the prime factors of f.
7
Suppose 0 = -2*f + 15 - 93. Let r = f - -69. List the prime factors of r.
2, 3, 5
Suppose 437 = 26*j - 3*j. List the prime factors of j.
19
Let s(u) = -80*u + 11. List the prime factors of s(-3).
251
Suppose 3*y = w - 13, 28 = 4*w - y - 3*y. Suppose 4*h - 48 = -2*p, 5*p + w*h = 106 + 20. What are the prime factors of p?
2, 13
Suppose x + 323 = 3*w + 5*x, 0 = -2*w + 5*x + 223. What are the prime factors of w?
109
Suppose 33 = -4*g - 3*j, 0*j + 2*j + 24 = -3*g. What are the prime factors of (g/12)/((-1)/46)?
23
Let q(i) = 2*i - 1. Let z(s) = -s. Let w(l) = -4*q(l) - 9*z(l). Let p be (2/3)/((-2)/(-9)). What are the prime factors of w(p)?
7
Let n = 4 - 7. Let m(u) = -1 - u**2 - 2 + 2*u**2 + 1. List the prime factors of m(n).
7
Suppose 0*a - 2*a = -5*c - 85, 0 = -3*a - 3*c + 138. What are the prime factors of a?
3, 5
Suppose 0 = -m - 3*o + 9, -5*m - o = -m + 8. Let d = 2 + -2. What are the prime factors of 2 - (d + 1)*m?
5
What are the prime factors of 5/10 + (-6)/(-4)?
2
Suppose -k - 4*k = 10, -k - 17 = 3*g. Let m(p) = 4*p**2. Let v(u) = -5*u**2 + 1. Let y(c) = g*v(c) - 6*m(c). List the prime factors of y(-4).
11
Suppose -26*h + 31*h = 465. What are the prime factors of h?
3, 31
Let v(m) = m**3 - 4*m - 4. List the prime factors of v(4).
2, 11
Let y be -6 + 8 + 1 + -17. Let z = y - -23. What are the prime factors of z?
3
Let l(r) = r**3 + 8*r**2 - 14*r - 9. Let k be l(-9). Let b be (-872)/k - (-2)/9. What are the prime factors of b/(-9) + 2/6?
3
Let o(v) = -v**3 + 10*v**2 + 2*v - 13. Let y be (100/(-35))/((-2)/7). What are the prime factors of o(y)?
7
Let d be 4186/28 - (-2)/(-4). Suppose -4*z = -5*m + d, 5*z + 2 = -3. What are the prime factors of m?
29
Let w = 302 - -5. List the prime factors of w.
307
Suppose o = -3*o + 12. Let j(u) = 0 + 10*u - 4 + o*u**2 - u**3 + 4*u**2. What are the prime factors of j(8)?
2, 3
Suppose 3*c = 2 + 10. Suppose -2*d - 14 = -2*x + c, -5*x + 2*d = -33. Suppose -5*z - 4*u = -x*u - 26, 4*u = 4*z - 8. List the prime factors of z.
2, 3
Let u(a) = -a**2 + 9*a + 3. Let t be u(7). Let j = -8 + t. List the prime factors of j.
3
Let d be -1 + -13 - (-4 + 6). Let u be 2/(-9) + (-508)/(-18). Let o = d + u. What are the prime factors of o?
2, 3
List the prime factors of -21*7/(-3)*2.
2, 7
Let z = 13 + -23. Let l be 4/z - 682/(-5). What are the prime factors of (-4)/(-14) + l/14?
2, 5
Let k = 12 + 127. List the prime factors of k.
139
Suppose 4*l = -4*f + 248, -2*l + 2*f + 149 = -f. What are the prime factors of l?
67
Suppose 0*a + 3*a + 3 = 3*h, 13 = 3*a + 5*h. List the prime factors of 2*(14 - (a - 0)).
2, 13
What are the prime factors of 24/20 - 1 - 2172/(-15)?
5, 29
Suppose -2*g + 7*g = 2*n + 395, -5*n - 380 = -5*g. List the prime factors of g.
3
List the prime factors of (-6)/8 - (-1784)/32.
5, 11
Suppose -2*l = 2*l - 20. Let m = -29 - -43. Suppose -16 = -5*k + 2*g + m, k + l*g = 6. What are the prime factors of k?
2, 3
Suppose -j + 63 + 18 = 5*p, -2*p = 5*j - 37. What are the prime factors of p?
2
Suppose 0 = -2*r - 3*b + 21, r + 0*b = -3*b + 18. Suppose -15 = -r*q + 5*i + 50, -5*i = -2*q + 45. What are the prime factors of q?
2, 5
Let k be 2*1*(3 - 1). Let j = 0 + k. Suppose -5*x - j + 44 = 0. What are the prime factors of x?
2
Suppose -4*v - 30 = -106. List the prime factors of v.
19
Suppose 0 = 5*b + 4*s + 40 - 0, -4*b - 28 = 4*s. Let f be -2*(-9)/(-6) - 24. Let z = b - f. List the prime factors of z.
3, 5
Suppose -5*u + 55 = 4*p, -3*p + 47 = -0*p - 2*u. Suppose -5*b = 3*q - p, -38 = -5*q - 0*q - 4*b. What are the prime factors of q?
2, 5
Suppose -4*y = y - 25. Let c(f) be the second derivative of f**3/3 + f. What are the prime factors of c(y)?
2, 5
Let g = 88 + -63. Suppose 0 = -2*h + g + 5. What are the prime factors of h?
3, 5
Suppose -3*q = -0*q - 15. Suppose -3*m = 5*l + 68, -q*l - 5*m + 22 = 82. Let n = l + 34. What are the prime factors of n?
2, 3
Let b = -37 - -58. List the prime factors of b.
3, 7
Let t be 16/(12/3 + -3). Suppose -3*u = 4 - t. What are the prime factors of u?
2
Suppose 0*h - 4*h + 15 = -i, -3*i + 6 = 5*h. Suppose 2*v - 8 = 0, 9*u + h*v = 4*u + 12. What are the prime factors of 18 + (-1)/3*u?
2, 3
Let n(d) = 7*d**2 + d - 2. What are the prime factors of n(-2)?
2, 3
Let p be (10/(-25))/(1/20). Let q(b) = -b - 5. Let o be q(p). List the prime factors of o/(-1)*1 - -18.
3, 5
Let v(g) = g**2 - 10*g - 1. Let k be v(9). Let j = -4 - k. List the prime factors of (8/(-5))/(j/(-15)).
2
Suppose 4*a - 366 + 122 = 0. List the prime factors of a.
61
Suppose 2*d = -9*d + 2156. What are the prime factors of d?
2, 7
Let j(f) = f**2 + 4*f + 3. Let w be j(-3). Suppose w = 2*x - 0*x + 6. List the prime factors of -4*(0 + x/6).
2
Let o(y) be the first derivative of -y**2 + 2*y + 3. What are the prime factors of o(-4)?
2, 5
Suppose 4*i - 7 = -n, 3*i + 6 = 2*n + n. Let 